{"id":1523,"date":"2015-06-18T13:51:15","date_gmt":"2015-06-18T13:51:15","guid":{"rendered":"http:\/\/seucreditonoclick.com.br\/blogdosrsiape.net\/?page_id=2"},"modified":"2021-02-17T16:03:36","modified_gmt":"2021-02-17T19:03:36","slug":"seguranca-certificada","status":"publish","type":"page","link":"https:\/\/11ponto11servidor.com.br\/blogsrsiape\/seguranca-certificada\/","title":{"rendered":"Seguran\u00e7a Online Certificada"},"content":{"rendered":"<section class=\"l-section wpb_row us_custom_da65c38a height_auto\"><div class=\"l-section-h i-cf\"><div class=\"g-cols vc_row type_boxes valign_middle gap-1-5rem\"><style>.g-cols.gap-1-5rem{margin:0 -1.5rem}.gap-1-5rem > .vc_column_container {padding:1.5rem}<\/style><div class=\"vc_col-sm-12 wpb_column vc_column_container\"><div class=\"vc_column-inner\"><div class=\"wpb_wrapper\"><div class=\"wpb_text_column\" ><div class=\"wpb_wrapper\"><p align=\"justify\">A <b>11PONTO11<\/b> possui em todos os seus Sites, Certifica\u00e7\u00e3o de Seguran\u00e7a, emitido pela empresa dos E.U.A., especializada em criptografar as informa\u00e7\u00f5es fornecidas, dando seguran\u00e7a aos usu\u00e1rios em rela\u00e7\u00e3o a invas\u00e3o dos nossos Sites para capturar as informa\u00e7\u00f5es a n\u00f3s confiadas por nossos clientes. Por outro lado, tamb\u00e9m com a certifica\u00e7\u00e3o, temos a garantia que voc\u00ea ter\u00e1 uma navega\u00e7\u00e3o \u201csegura\u201d e nossos Sites n\u00e3o ser\u00e3o agentes propagadores de V\u00edrus, Malwares, ou qualquer outro software malicioso que poder\u00e1 capturar suas informa\u00e7\u00f5es, danificador seu computador ou qualquer outra ferramenta de navega\u00e7\u00e3o.<\/p>\n<p align=\"justify\">Ao navegar em TODOS os sites da <b>11PONTO11<\/b> voc\u00ea ter\u00e1 a identifica\u00e7\u00e3o visual (cadeado) que lhe demonstra estar tendo uma navega\u00e7\u00e3o segura e certificada. Se quiser verificar os dados do nosso certificado, click no \u201ccadeado\u201d e ver\u00e1 todas as especifica\u00e7\u00f5es da nossa Certifica\u00e7\u00e3o. Por outro lado, no \u201crodap\u00e9\u201d de nossos Sites, temos o selo de Seguran\u00e7a: <b>CLOUDFLARE \u2013 CERTIFICADO E PROTEGIDO<\/b> onde voc\u00ea poder\u00e1 obter todos os dados do nosso certificado de Seguran\u00e7a.<\/p>\n<p align=\"justify\">A <b>11PONTO11<\/b> utiliza cookies e informa\u00e7\u00f5es de sua navega\u00e7\u00e3o (sess\u00e3o do browser) com o objetivo de aperfei\u00e7oar sempre nossos servi\u00e7os, produtos, conte\u00fados e garantir as melhores ofertas e promo\u00e7\u00f5es para voc\u00ea. Durante todo este processo mantemos suas informa\u00e7\u00f5es em sigilo absoluto. Vale lembrar que seus dados s\u00e3o registrados pela <b>11PONTO11<\/b> de forma automatizada, dispensando manipula\u00e7\u00e3o humana.<\/p>\n<\/div><\/div><\/div><\/div><\/div><\/div><\/div><\/section>\n","protected":false},"excerpt":{"rendered":"A 11PONTO11 possui em todos os seus Sites, Certifica\u00e7\u00e3o de Seguran\u00e7a, emitido pela empresa dos E.U.A., especializada em criptografar as informa\u00e7\u00f5es fornecidas, dando seguran\u00e7a aos usu\u00e1rios em rela\u00e7\u00e3o a invas\u00e3o dos nossos Sites para capturar as informa\u00e7\u00f5es a n\u00f3s confiadas por nossos clientes. Por outro lado, tamb\u00e9m com a certifica\u00e7\u00e3o, temos a garantia que voc\u00ea...","protected":false},"author":1,"featured_media":0,"parent":0,"menu_order":0,"comment_status":"closed","ping_status":"closed","template":"","meta":{"footnotes":""},"class_list":["post-1523","page","type-page","status-publish","hentry"],"yoast_head":"<!-- This site is optimized with the Yoast SEO plugin v23.6 - https:\/\/yoast.com\/wordpress\/plugins\/seo\/ -->\n<title>BLOG do Sr.SIAPE - Seguran\u00e7a Digital Certificada<\/title>\n<meta name=\"description\" content=\"O Blog do Sr.SIAPE tem a Certifica\u00e7\u00e3o Digital de Seguran\u00e7a de uma empresa americana especializada em criptografar e proteger dados de todos seus assinantes.\" \/>\n<meta name=\"robots\" content=\"index, follow, max-snippet:-1, max-image-preview:large, max-video-preview:-1\" \/>\n<link rel=\"canonical\" href=\"https:\/\/blogdosrsiape.com\/seguranca-certificada\/\" \/>\n<meta property=\"og:locale\" content=\"pt_BR\" \/>\n<meta property=\"og:type\" content=\"article\" \/>\n<meta property=\"og:title\" content=\"BLOG do Sr.SIAPE - Seguran\u00e7a Digital Certificada\" \/>\n<meta property=\"og:description\" content=\"O Blog do Sr.SIAPE tem a Certifica\u00e7\u00e3o Digital de Seguran\u00e7a de uma empresa americana especializada em criptografar e proteger dados de todos seus assinantes.\" \/>\n<meta property=\"og:url\" content=\"https:\/\/blogdosrsiape.com\/seguranca-certificada\/\" \/>\n<meta property=\"og:site_name\" content=\"Blog do Sr. SIAPE\" \/>\n<meta property=\"article:publisher\" content=\"https:\/\/www.facebook.com\/blogsrsiape\/?locale=pt_BR\" \/>\n<meta property=\"article:modified_time\" content=\"2021-02-17T19:03:36+00:00\" \/>\n<meta name=\"twitter:card\" content=\"summary_large_image\" \/>\n<meta name=\"twitter:label1\" content=\"Est. tempo de leitura\" \/>\n\t<meta name=\"twitter:data1\" content=\"1 minuto\" \/>\n<script type=\"application\/ld+json\" class=\"yoast-schema-graph\">{\"@context\":\"https:\/\/schema.org\",\"@graph\":[{\"@type\":\"WebPage\",\"@id\":\"https:\/\/blogdosrsiape.com\/seguranca-certificada\/\",\"url\":\"https:\/\/blogdosrsiape.com\/seguranca-certificada\/\",\"name\":\"BLOG do Sr.SIAPE - Seguran\u00e7a Digital Certificada\",\"isPartOf\":{\"@id\":\"https:\/\/11ponto11servidor.com.br\/blogsrsiape\/#website\"},\"datePublished\":\"2015-06-18T13:51:15+00:00\",\"dateModified\":\"2021-02-17T19:03:36+00:00\",\"description\":\"O Blog do Sr.SIAPE tem a Certifica\u00e7\u00e3o Digital de Seguran\u00e7a de uma empresa americana especializada em criptografar e proteger dados de todos seus assinantes.\",\"breadcrumb\":{\"@id\":\"https:\/\/blogdosrsiape.com\/seguranca-certificada\/#breadcrumb\"},\"inLanguage\":\"pt-BR\",\"potentialAction\":[{\"@type\":\"ReadAction\",\"target\":[\"https:\/\/blogdosrsiape.com\/seguranca-certificada\/\"]}]},{\"@type\":\"BreadcrumbList\",\"@id\":\"https:\/\/blogdosrsiape.com\/seguranca-certificada\/#breadcrumb\",\"itemListElement\":[{\"@type\":\"ListItem\",\"position\":1,\"name\":\"In\u00edcio\",\"item\":\"https:\/\/11ponto11servidor.com.br\/blogsrsiape\/\"},{\"@type\":\"ListItem\",\"position\":2,\"name\":\"Seguran\u00e7a Online Certificada\"}]},{\"@type\":\"WebSite\",\"@id\":\"https:\/\/11ponto11servidor.com.br\/blogsrsiape\/#website\",\"url\":\"https:\/\/11ponto11servidor.com.br\/blogsrsiape\/\",\"name\":\"Blog do sr. SIAPE\",\"description\":\"SIAPE Servidor Federal\",\"publisher\":{\"@id\":\"https:\/\/11ponto11servidor.com.br\/blogsrsiape\/#organization\"},\"potentialAction\":[{\"@type\":\"SearchAction\",\"target\":{\"@type\":\"EntryPoint\",\"urlTemplate\":\"https:\/\/11ponto11servidor.com.br\/blogsrsiape\/?s={search_term_string}\"},\"query-input\":{\"@type\":\"PropertyValueSpecification\",\"valueRequired\":true,\"valueName\":\"search_term_string\"}}],\"inLanguage\":\"pt-BR\"},{\"@type\":\"Organization\",\"@id\":\"https:\/\/11ponto11servidor.com.br\/blogsrsiape\/#organization\",\"name\":\"Blog do sr. SIAPE\",\"url\":\"https:\/\/11ponto11servidor.com.br\/blogsrsiape\/\",\"logo\":{\"@type\":\"ImageObject\",\"inLanguage\":\"pt-BR\",\"@id\":\"https:\/\/11ponto11servidor.com.br\/blogsrsiape\/#\/schema\/logo\/image\/\",\"url\":\"https:\/\/11ponto11servidor.com.br\/blogsrsiape\/wp-content\/uploads\/sites\/2\/2024\/10\/logo-1.png\",\"contentUrl\":\"https:\/\/11ponto11servidor.com.br\/blogsrsiape\/wp-content\/uploads\/sites\/2\/2024\/10\/logo-1.png\",\"width\":287,\"height\":116,\"caption\":\"Blog do sr. SIAPE\"},\"image\":{\"@id\":\"https:\/\/11ponto11servidor.com.br\/blogsrsiape\/#\/schema\/logo\/image\/\"},\"sameAs\":[\"https:\/\/www.facebook.com\/blogsrsiape\/?locale=pt_BR\",\"https:\/\/www.instagram.com\/srsiape\/\"]}]}<\/script>\n<!-- \/ Yoast SEO plugin. -->","yoast_head_json":{"title":"BLOG do Sr.SIAPE - Seguran\u00e7a Digital Certificada","description":"O Blog do Sr.SIAPE tem a Certifica\u00e7\u00e3o Digital de Seguran\u00e7a de uma empresa americana especializada em criptografar e proteger dados de todos seus assinantes.","robots":{"index":"index","follow":"follow","max-snippet":"max-snippet:-1","max-image-preview":"max-image-preview:large","max-video-preview":"max-video-preview:-1"},"canonical":"https:\/\/blogdosrsiape.com\/seguranca-certificada\/","og_locale":"pt_BR","og_type":"article","og_title":"BLOG do Sr.SIAPE - Seguran\u00e7a Digital Certificada","og_description":"O Blog do Sr.SIAPE tem a Certifica\u00e7\u00e3o Digital de Seguran\u00e7a de uma empresa americana especializada em criptografar e proteger dados de todos seus assinantes.","og_url":"https:\/\/blogdosrsiape.com\/seguranca-certificada\/","og_site_name":"Blog do Sr. SIAPE","article_publisher":"https:\/\/www.facebook.com\/blogsrsiape\/?locale=pt_BR","article_modified_time":"2021-02-17T19:03:36+00:00","twitter_card":"summary_large_image","twitter_misc":{"Est. tempo de leitura":"1 minuto"},"schema":{"@context":"https:\/\/schema.org","@graph":[{"@type":"WebPage","@id":"https:\/\/blogdosrsiape.com\/seguranca-certificada\/","url":"https:\/\/blogdosrsiape.com\/seguranca-certificada\/","name":"BLOG do Sr.SIAPE - Seguran\u00e7a Digital Certificada","isPartOf":{"@id":"https:\/\/11ponto11servidor.com.br\/blogsrsiape\/#website"},"datePublished":"2015-06-18T13:51:15+00:00","dateModified":"2021-02-17T19:03:36+00:00","description":"O Blog do Sr.SIAPE tem a Certifica\u00e7\u00e3o Digital de Seguran\u00e7a de uma empresa americana especializada em criptografar e proteger dados de todos seus assinantes.","breadcrumb":{"@id":"https:\/\/blogdosrsiape.com\/seguranca-certificada\/#breadcrumb"},"inLanguage":"pt-BR","potentialAction":[{"@type":"ReadAction","target":["https:\/\/blogdosrsiape.com\/seguranca-certificada\/"]}]},{"@type":"BreadcrumbList","@id":"https:\/\/blogdosrsiape.com\/seguranca-certificada\/#breadcrumb","itemListElement":[{"@type":"ListItem","position":1,"name":"In\u00edcio","item":"https:\/\/11ponto11servidor.com.br\/blogsrsiape\/"},{"@type":"ListItem","position":2,"name":"Seguran\u00e7a Online Certificada"}]},{"@type":"WebSite","@id":"https:\/\/11ponto11servidor.com.br\/blogsrsiape\/#website","url":"https:\/\/11ponto11servidor.com.br\/blogsrsiape\/","name":"Blog do sr. SIAPE","description":"SIAPE Servidor Federal","publisher":{"@id":"https:\/\/11ponto11servidor.com.br\/blogsrsiape\/#organization"},"potentialAction":[{"@type":"SearchAction","target":{"@type":"EntryPoint","urlTemplate":"https:\/\/11ponto11servidor.com.br\/blogsrsiape\/?s={search_term_string}"},"query-input":{"@type":"PropertyValueSpecification","valueRequired":true,"valueName":"search_term_string"}}],"inLanguage":"pt-BR"},{"@type":"Organization","@id":"https:\/\/11ponto11servidor.com.br\/blogsrsiape\/#organization","name":"Blog do sr. SIAPE","url":"https:\/\/11ponto11servidor.com.br\/blogsrsiape\/","logo":{"@type":"ImageObject","inLanguage":"pt-BR","@id":"https:\/\/11ponto11servidor.com.br\/blogsrsiape\/#\/schema\/logo\/image\/","url":"https:\/\/11ponto11servidor.com.br\/blogsrsiape\/wp-content\/uploads\/sites\/2\/2024\/10\/logo-1.png","contentUrl":"https:\/\/11ponto11servidor.com.br\/blogsrsiape\/wp-content\/uploads\/sites\/2\/2024\/10\/logo-1.png","width":287,"height":116,"caption":"Blog do sr. SIAPE"},"image":{"@id":"https:\/\/11ponto11servidor.com.br\/blogsrsiape\/#\/schema\/logo\/image\/"},"sameAs":["https:\/\/www.facebook.com\/blogsrsiape\/?locale=pt_BR","https:\/\/www.instagram.com\/srsiape\/"]}]}},"_links":{"self":[{"href":"https:\/\/11ponto11servidor.com.br\/blogsrsiape\/wp-json\/wp\/v2\/pages\/1523"}],"collection":[{"href":"https:\/\/11ponto11servidor.com.br\/blogsrsiape\/wp-json\/wp\/v2\/pages"}],"about":[{"href":"https:\/\/11ponto11servidor.com.br\/blogsrsiape\/wp-json\/wp\/v2\/types\/page"}],"author":[{"embeddable":true,"href":"https:\/\/11ponto11servidor.com.br\/blogsrsiape\/wp-json\/wp\/v2\/users\/1"}],"replies":[{"embeddable":true,"href":"https:\/\/11ponto11servidor.com.br\/blogsrsiape\/wp-json\/wp\/v2\/comments?post=1523"}],"version-history":[{"count":0,"href":"https:\/\/11ponto11servidor.com.br\/blogsrsiape\/wp-json\/wp\/v2\/pages\/1523\/revisions"}],"wp:attachment":[{"href":"https:\/\/11ponto11servidor.com.br\/blogsrsiape\/wp-json\/wp\/v2\/media?parent=1523"}],"curies":[{"name":"wp","href":"https:\/\/api.w.org\/{rel}","templated":true}]}}