{"id":304,"date":"2016-01-20T03:03:12","date_gmt":"2016-01-20T05:03:12","guid":{"rendered":"http:\/\/finance.thememove.com\/?page_id=304"},"modified":"2021-03-05T10:07:40","modified_gmt":"2021-03-05T13:07:40","slug":"quem-somos","status":"publish","type":"page","link":"https:\/\/11ponto11servidor.com.br\/inst\/quem-somos\/","title":{"rendered":"Quem Somos"},"content":{"rendered":"<section class=\"l-section wpb_row us_custom_8074c799 height_auto color_alternate\"><div class=\"l-section-h i-cf\"><div class=\"g-cols vc_row type_default valign_top\"><div class=\"vc_col-sm-3 wpb_column vc_column_container\"><div class=\"vc_column-inner us_custom_821ea863\"><div class=\"wpb_wrapper\">[vc_widget_sidebar sidebar_id=&#8221;us_widget_area_menu_quem_somos&#8221;]<\/div><\/div><\/div><div class=\"vc_col-sm-9 wpb_column vc_column_container\"><div class=\"vc_column-inner\"><div class=\"wpb_wrapper\"><div class=\"g-cols wpb_row  us_custom_f1a01fce type_default valign_top reversed vc_inner\"><div class=\"vc_col-sm-12 wpb_column vc_column_container\"><div class=\"vc_column-inner\"><div class=\"wpb_wrapper\">\n\t\t\t<!-- START TM About REVOLUTION SLIDER 6.2.23 --><p class=\"rs-p-wp-fix\"><\/p>\n\t\t\t<rs-module-wrap id=\"rev_slider_8_1_wrapper\" data-source=\"gallery\" style=\"background:transparent;padding:0;margin:0px auto;margin-top:0;margin-bottom:0;max-width:;\">\n\t\t\t\t<rs-module id=\"rev_slider_8_1\" style=\"\" data-version=\"6.2.23\">\n\t\t\t\t\t<rs-slides>\n\t\t\t\t\t\t<rs-slide data-key=\"rs-22\" data-title=\"Slide\" data-anim=\"ei:d;eo:d;s:600;r:0;t:fade;sl:d;\">\n\t\t\t\t\t\t\t<img decoding=\"async\" src=\"\/\/11ponto11.com.br\/inst\/wp-content\/uploads\/sites\/6\/revslider\/tm-about\/about9.jpg\" title=\"Quem Somos\" class=\"rev-slidebg\" data-no-retina>\n<!--\n\t\t\t\t\t\t\t--><rs-layer\n\t\t\t\t\t\t\t\tid=\"slider-8-slide-22-layer-1\" \n\t\t\t\t\t\t\t\tclass=\"tm-48-900\"\n\t\t\t\t\t\t\t\tdata-type=\"text\"\n\t\t\t\t\t\t\t\tdata-color=\"rgba(31,31,31,1)\"\n\t\t\t\t\t\t\t\tdata-rsp_ch=\"on\"\n\t\t\t\t\t\t\t\tdata-xy=\"x:70px;y:70px;\"\n\t\t\t\t\t\t\t\tdata-text=\"s:48;l:52;fw:900;\"\n\t\t\t\t\t\t\t\tdata-frame_0=\"tp:600;\"\n\t\t\t\t\t\t\t\tdata-frame_1=\"tp:600;e:power2.inOut;st:500;sR:500;\"\n\t\t\t\t\t\t\t\tdata-frame_999=\"o:0;tp:600;e:nothing;st:w;sR:8200;\"\n\t\t\t\t\t\t\t\tstyle=\"z-index:5;font-family:Roboto;text-align:left;\"\n\t\t\t\t\t\t\t>Nossos <span class=\"primary_color\">sonhos<\/span><br\/>hoje s\u00e3o realidade \n\t\t\t\t\t\t\t<\/rs-layer><!--\n\n\t\t\t\t\t\t\t--><rs-layer\n\t\t\t\t\t\t\t\tid=\"slider-8-slide-22-layer-2\" \n\t\t\t\t\t\t\t\tclass=\"tm-16-300\"\n\t\t\t\t\t\t\t\tdata-type=\"text\"\n\t\t\t\t\t\t\t\tdata-color=\"rgba(34,34,34,1)\"\n\t\t\t\t\t\t\t\tdata-rsp_ch=\"on\"\n\t\t\t\t\t\t\t\tdata-xy=\"x:71px;y:189px;\"\n\t\t\t\t\t\t\t\tdata-text=\"s:16;l:22;fw:300;\"\n\t\t\t\t\t\t\t\tdata-frame_0=\"tp:600;\"\n\t\t\t\t\t\t\t\tdata-frame_1=\"tp:600;e:power2.inOut;st:500;sR:500;\"\n\t\t\t\t\t\t\t\tdata-frame_999=\"o:0;tp:600;e:nothing;st:w;sR:8200;\"\n\t\t\t\t\t\t\t\tstyle=\"z-index:6;font-family:Roboto;text-align:left;\"\n\t\t\t\t\t\t\t>Realizamos a intermedia\u00e7\u00e3o de mais de R$ 150 milh\u00f5es <br> em opera\u00e7\u00f5es de cr\u00e9dito, tornando-se uma grife no <br> atendimento \u00e0s demandas banc\u00e1rias. \n\t\t\t\t\t\t\t<\/rs-layer><!--\n\n\t\t\t\t\t\t\t--><rs-layer\n\t\t\t\t\t\t\t\tid=\"slider-8-slide-22-layer-3\" \n\t\t\t\t\t\t\t\tclass=\"tm-btn7 rev-btn\"\n\t\t\t\t\t\t\t\tdata-type=\"button\"\n\t\t\t\t\t\t\t\tdata-color=\"rgba(34,34,34,1)\"\n\t\t\t\t\t\t\t\tdata-xy=\"x:70px;y:280px;\"\n\t\t\t\t\t\t\t\tdata-text=\"s:16;l:16;fw:700;\"\n\t\t\t\t\t\t\t\tdata-actions='o:click;a:simplelink;target:_self;url:\/inst\/contato;'\n\t\t\t\t\t\t\t\tdata-rsp_bd=\"off\"\n\t\t\t\t\t\t\t\tdata-padding=\"t:14;r:24;b:14;l:24;\"\n\t\t\t\t\t\t\t\tdata-border=\"bos:solid;boc:rgba(34,34,34,1);bow:2px,2px,2px,2px;bor:4px,4px,4px,4px;\"\n\t\t\t\t\t\t\t\tdata-frame_0=\"tp:600;\"\n\t\t\t\t\t\t\t\tdata-frame_1=\"tp:600;e:power2.inOut;st:500;sR:500;\"\n\t\t\t\t\t\t\t\tdata-frame_999=\"o:0;tp:600;e:nothing;st:w;sR:8200;\"\n\t\t\t\t\t\t\t\tdata-frame_hover=\"c:#666;boc:#666;bor:4px,4px,4px,4px;bos:solid;bow:2px,2px,2px,2px;oX:50;oY:50;e:none;\"\n\t\t\t\t\t\t\t\tstyle=\"z-index:7;font-family:Roboto;cursor:pointer;outline:none;box-shadow:none;box-sizing:border-box;-moz-box-sizing:border-box;-webkit-box-sizing:border-box;text-align:left;\"\n\t\t\t\t\t\t\t>Junte-se a N\u00d3S! <i class=\"fa fa-caret-right\"><\/i> \n\t\t\t\t\t\t\t<\/rs-layer><!--\n-->\t\t\t\t\t\t<\/rs-slide>\n\t\t\t\t\t<\/rs-slides>\n\t\t\t\t<\/rs-module>\n\t\t\t\t<script type=\"text\/javascript\">\n\t\t\t\t\tsetREVStartSize({c: 'rev_slider_8_1',rl:[1240,1024,778,480],el:[],gw:[870],gh:[400],type:'standard',justify:'',layout:'fullwidth',mh:\"0\"});\n\t\t\t\t\tvar\trevapi8,\n\t\t\t\t\t\ttpj;\n\t\t\t\t\tfunction revinit_revslider81() {\n\t\t\t\t\tjQuery(function() {\n\t\t\t\t\t\ttpj = jQuery;\n\t\t\t\t\t\trevapi8 = tpj(\"#rev_slider_8_1\");\n\t\t\t\t\t\tif(revapi8==undefined || revapi8.revolution == undefined){\n\t\t\t\t\t\t\trevslider_showDoubleJqueryError(\"rev_slider_8_1\");\n\t\t\t\t\t\t}else{\n\t\t\t\t\t\t\trevapi8.revolution({\n\t\t\t\t\t\t\t\tvisibilityLevels:\"1240,1024,778,480\",\n\t\t\t\t\t\t\t\tgridwidth:870,\n\t\t\t\t\t\t\t\tgridheight:400,\n\t\t\t\t\t\t\t\tspinner:\"spinner3\",\n\t\t\t\t\t\t\t\tperspectiveType:\"local\",\n\t\t\t\t\t\t\t\tresponsiveLevels:\"1240,1024,778,480\",\n\t\t\t\t\t\t\t\tprogressBar:{disableProgressBar:true},\n\t\t\t\t\t\t\t\tnavigation: {\n\t\t\t\t\t\t\t\t\tonHoverStop:false\n\t\t\t\t\t\t\t\t},\n\t\t\t\t\t\t\t\tfallbacks: {\n\t\t\t\t\t\t\t\t\tallowHTML5AutoPlayOnAndroid:true\n\t\t\t\t\t\t\t\t},\n\t\t\t\t\t\t\t});\n\t\t\t\t\t\t}\n\t\t\t\t\t\t\n\t\t\t\t\t});\n\t\t\t\t\t} \/\/ End of RevInitScript\n\t\t\t\tvar once_revslider81 = false;\n\t\t\t\tif (document.readyState === \"loading\") {document.addEventListener('readystatechange',function() { if((document.readyState === \"interactive\" || document.readyState === \"complete\") && !once_revslider81 ) { once_revslider81 = true; revinit_revslider81();}});} else {once_revslider81 = true; revinit_revslider81();}\n\t\t\t\t<\/script>\n\t\t\t\t<script>\n\t\t\t\t\tvar htmlDivCss = '\t#rev_slider_8_1_wrapper rs-loader.spinner3 div { background-color: #FFFFFF !important; } ';\n\t\t\t\t\tvar htmlDiv = document.getElementById('rs-plugin-settings-inline-css');\n\t\t\t\t\tif(htmlDiv) {\n\t\t\t\t\t\thtmlDiv.innerHTML = htmlDiv.innerHTML + htmlDivCss;\n\t\t\t\t\t}else{\n\t\t\t\t\t\tvar htmlDiv = document.createElement('div');\n\t\t\t\t\t\thtmlDiv.innerHTML = '<style>' + htmlDivCss + '<\/style>';\n\t\t\t\t\t\tdocument.getElementsByTagName('head')[0].appendChild(htmlDiv.childNodes[0]);\n\t\t\t\t\t}\n\t\t\t\t<\/script>\n\t\t\t<\/rs-module-wrap>\n\t\t\t<!-- END REVOLUTION SLIDER -->\n<div class=\"wpb_text_column us_custom_3188818e grossura_300 font_16px\" ><div class=\"wpb_wrapper\"><p>Ap\u00f3s 34 anos de trabalho em v\u00e1rias Institui\u00e7\u00f5es Financeiras, Celso Luis Fernandes resolveu dedicar toda a experi\u00eancia adquirida na cria\u00e7\u00e3o da 11Ponto11, junto com sua esposa e seu filho, rec\u00e9m formado em Economia pelo IBMEC. As atividades foram iniciadas em 16\/07\/2010 (dia de anivers\u00e1rio de casamento do casal) com escrit\u00f3rio na cidade de S\u00e3o Caetano do Sul, ABC Paulista, onde residem h\u00e1 mais de 50 anos.<\/p>\n<p>Essa n\u00e3o foi a primeira coincid\u00eancia. Sempre o n\u00famero 11 foi o preferido do casal e muitas coisas agrad\u00e1veis ocorreram nesta data. A partir da\u00ed come\u00e7aram a observar que \u201ccoincidentemente\u201d ao estarem juntos olhavam para o rel\u00f3gio \u00e0s 11 horas e 11 minutos (ou 11Ponto11).<\/p>\n<p>Essa foi a origem do nome da empresa. E assim, as boas coincid\u00eancias que ocorriam com o casal em rela\u00e7\u00e3o ao n\u00famero com men\u00e7\u00e3o ao seu hor\u00e1rio, passaram a fazer parte da \u201cmarca\u201d da empresa: <b>11Ponto11<\/b>.<\/p>\n<\/div><\/div><div class=\"w-separator size_small\"><\/div><div class=\"w-message us_custom_0e224d41 color_custom with_icon\"><div class=\"w-message-icon\"><i class=\"material-icons\">info<\/i><\/div><div class=\"w-message-body\"><p>Anteriormente atuando em Bancos &amp; Seguradoras e hoje atrav\u00e9s das 4 empresas do grupo, abrangendo os mercados de: Assessoria de Cr\u00e9dito e Neg\u00f3cios,Viagens e Turismo e Seguros e Prote\u00e7\u00e3o.<\/p>\n<\/div><\/div><div class=\"w-separator size_small\"><\/div><\/div><\/div><\/div><\/div><div class=\"g-cols wpb_row  us_custom_d8850670 type_default valign_top vc_inner\"><div class=\"vc_col-sm-6 wpb_column vc_column_container\"><div class=\"vc_column-inner\"><div class=\"wpb_wrapper\"><h3 class=\"w-text us_custom_22516330 has_text_color\"><span class=\"w-text-h\"><span class=\"w-text-value\">Como Trabalhamos<\/span><\/span><\/h3><div class=\"w-image position_relative z-index-0 align_center\"><div class=\"w-image-h\"><img decoding=\"async\" width=\"420\" height=\"250\" src=\"https:\/\/11ponto11servidor.com.br\/inst\/wp-content\/uploads\/sites\/6\/2016\/01\/about10.jpg\" class=\"attachment-full size-full\" alt=\"\" srcset=\"https:\/\/11ponto11servidor.com.br\/inst\/wp-content\/uploads\/sites\/6\/2016\/01\/about10.jpg 420w, https:\/\/11ponto11servidor.com.br\/inst\/wp-content\/uploads\/sites\/6\/2016\/01\/about10-300x179.jpg 300w, https:\/\/11ponto11servidor.com.br\/inst\/wp-content\/uploads\/sites\/6\/2016\/01\/about10-370x220.jpg 370w\" sizes=\"(max-width: 420px) 100vw, 420px\" \/><\/div><\/div><div class=\"w-image us_custom_a1c61de6 esconder align_center\"><a target=\"_blank\" href=\"http:\/\/201.63.1.194:65000\/cgi-bin\/faststream.jpg?stream=full&amp;html\" rel=\"noopener\" aria-label=\"Link\" class=\"w-image-h\"><img decoding=\"async\" width=\"32\" height=\"35\" src=\"https:\/\/11ponto11servidor.com.br\/inst\/wp-content\/uploads\/sites\/6\/2016\/01\/about11.png\" class=\"attachment-full size-full\" alt=\"\" \/><\/a><\/div><\/div><\/div><\/div><div class=\"vc_col-sm-6 wpb_column vc_column_container\"><div class=\"vc_column-inner\"><div class=\"wpb_wrapper\"><h3 class=\"w-text us_custom_cc0d9470 grossura_700 has_text_color align_left\"><span class=\"w-text-h\"><span class=\"w-text-value\">Nossa Miss\u00e3o<\/span><\/span><\/h3><h5 class=\"w-text us_custom_fe1088f6 has_text_color align_left\"><span class=\"w-text-h\"><span class=\"w-text-value\">Nosso renomado trabalho de assessoria visa:<\/span><\/span><\/h5><div class=\"wpb_text_column grossura_300 font_16px\" ><div class=\"wpb_wrapper\"><ul>\n<li>Investir nos mais modernos meios de comunica\u00e7\u00e3o integrada<\/li>\n<li>Atender com conveni\u00eancia, privacidade, rapidez e seguran\u00e7a<\/li>\n<li>Oferecer solu\u00e7\u00f5es de Cr\u00e9dito, Seguros, Viagens e Turismo<\/li>\n<li>Ser uma grife em termos de atendimento banc\u00e1rio a Servidores P\u00fablicos Federais<\/li>\n<\/ul>\n<\/div><\/div><\/div><\/div><\/div><\/div><\/div><\/div><\/div><\/div><\/div><\/section>\n","protected":false},"excerpt":{"rendered":"[vc_widget_sidebar sidebar_id=\"us_widget_area_menu_quem_somos\"] Nossos sonhoshoje s\u00e3o realidade Realizamos a intermedia\u00e7\u00e3o de mais de R$ 150 milh\u00f5es em opera\u00e7\u00f5es de cr\u00e9dito, tornando-se uma grife no atendimento \u00e0s demandas banc\u00e1rias. Junte-se a N\u00d3S! Ap\u00f3s 34 anos de trabalho em v\u00e1rias Institui\u00e7\u00f5es Financeiras, Celso Luis Fernandes resolveu dedicar toda a experi\u00eancia adquirida na cria\u00e7\u00e3o da 11Ponto11, junto com sua...","protected":false},"author":1,"featured_media":0,"parent":0,"menu_order":0,"comment_status":"closed","ping_status":"closed","template":"","meta":{"footnotes":""},"class_list":["post-304","page","type-page","status-publish","hentry"],"_links":{"self":[{"href":"https:\/\/11ponto11servidor.com.br\/inst\/wp-json\/wp\/v2\/pages\/304"}],"collection":[{"href":"https:\/\/11ponto11servidor.com.br\/inst\/wp-json\/wp\/v2\/pages"}],"about":[{"href":"https:\/\/11ponto11servidor.com.br\/inst\/wp-json\/wp\/v2\/types\/page"}],"author":[{"embeddable":true,"href":"https:\/\/11ponto11servidor.com.br\/inst\/wp-json\/wp\/v2\/users\/1"}],"replies":[{"embeddable":true,"href":"https:\/\/11ponto11servidor.com.br\/inst\/wp-json\/wp\/v2\/comments?post=304"}],"version-history":[{"count":0,"href":"https:\/\/11ponto11servidor.com.br\/inst\/wp-json\/wp\/v2\/pages\/304\/revisions"}],"wp:attachment":[{"href":"https:\/\/11ponto11servidor.com.br\/inst\/wp-json\/wp\/v2\/media?parent=304"}],"curies":[{"name":"wp","href":"https:\/\/api.w.org\/{rel}","templated":true}]}}