{"id":358,"date":"2017-07-13T17:06:33","date_gmt":"2017-07-13T20:06:33","guid":{"rendered":"http:\/\/11ponto11servidor.com.br\/seguro\/?page_id=358"},"modified":"2020-03-09T13:20:48","modified_gmt":"2020-03-09T16:20:48","slug":"sobre","status":"publish","type":"page","link":"https:\/\/11ponto11servidor.com.br\/seguro\/sobre\/","title":{"rendered":"Sobre este Blog"},"content":{"rendered":"<section class=\"l-section wpb_row height_large\" id=\"editorial\"><div class=\"l-section-h i-cf\"><div class=\"g-cols vc_row type_default valign_top\"><div class=\"vc_col-sm-12 wpb_column vc_column_container\"><div class=\"vc_column-inner\"><div class=\"wpb_wrapper\"><div class=\"wpb_text_column\" ><div class=\"wpb_wrapper\"><h4 class=\"margin_0_auto\">Esse Blog &#8230;<\/h4>\n<p align=\"justify\"><img decoding=\"async\" class=\"alignleft\" src=\"\/wp-content\/uploads\/2019\/10\/ico_notificacoes-150x150.png\" width=\"130\" \/>Muito nos orgulha termos atingido, ap\u00f3s 9 anos de vida, <strong>700.000 assinantes,<\/strong> sendo que <strong>250.000<\/strong> leem regularmente todas as nossas mat\u00e9rias, mostrando realmente que os Assuntos e Noticias Selecionadas s\u00e3o de interesse do Servidor Publico Federal Civil, <em>nossa raz\u00e3o de existir<\/em>.<\/p>\n<p align=\"justify\">Por outro lado, muitos acessaram nossas Plataformas de Cr\u00e9dito, Seguros &amp; Prote\u00e7\u00e3o, Viagens &amp; Turismo e Cons\u00f3rcio e mais de <strong>100.000<\/strong> contrataram os Produtos, <strong>o que muito nos orgulha. Obrigado !<\/strong><\/p>\n<\/div><\/div><\/div><\/div><\/div><\/div><\/div><\/section>\n","protected":false},"excerpt":{"rendered":"Esse Blog &#8230; Muito nos orgulha termos atingido, ap\u00f3s 9 anos de vida, 700.000 assinantes, sendo que 250.000 leem regularmente todas as nossas mat\u00e9rias, mostrando realmente que os Assuntos e Noticias Selecionadas s\u00e3o de interesse do Servidor Publico Federal Civil, nossa raz\u00e3o de existir. Por outro lado, muitos acessaram nossas Plataformas de Cr\u00e9dito, Seguros &amp;...","protected":false},"author":1,"featured_media":0,"parent":0,"menu_order":0,"comment_status":"closed","ping_status":"closed","template":"","meta":{"footnotes":""},"class_list":["post-358","page","type-page","status-publish","hentry"],"yoast_head":"<!-- This site is optimized with the Yoast SEO Premium plugin v16.3 (Yoast SEO v23.6) - https:\/\/yoast.com\/wordpress\/plugins\/seo\/ -->\n<title>Sobre este Blog &#8226; Blog Seguros<\/title>\n<meta name=\"robots\" content=\"noindex, nofollow\" \/>\n<meta property=\"og:locale\" content=\"pt_BR\" \/>\n<meta property=\"og:type\" content=\"article\" \/>\n<meta property=\"og:title\" content=\"Sobre este Blog &#8226; Blog Seguros\" \/>\n<meta property=\"og:url\" content=\"https:\/\/11ponto11servidor.com.br\/seguro\/sobre\/\" \/>\n<meta property=\"og:site_name\" content=\"Blog Seguros\" \/>\n<meta property=\"article:publisher\" content=\"https:\/\/facebook.com\/seuseguronoclick\" \/>\n<meta property=\"article:modified_time\" content=\"2020-03-09T16:20:48+00:00\" \/>\n<meta name=\"twitter:card\" content=\"summary_large_image\" \/>\n<script type=\"application\/ld+json\" class=\"yoast-schema-graph\">{\"@context\":\"https:\/\/schema.org\",\"@graph\":[{\"@type\":\"WebPage\",\"@id\":\"https:\/\/11ponto11servidor.com.br\/seguro\/sobre\/\",\"url\":\"https:\/\/11ponto11servidor.com.br\/seguro\/sobre\/\",\"name\":\"Sobre este Blog &#8226; Blog Seguros\",\"isPartOf\":{\"@id\":\"https:\/\/11ponto11servidor.com.br\/seguro\/#website\"},\"datePublished\":\"2017-07-13T20:06:33+00:00\",\"dateModified\":\"2020-03-09T16:20:48+00:00\",\"breadcrumb\":{\"@id\":\"https:\/\/11ponto11servidor.com.br\/seguro\/sobre\/#breadcrumb\"},\"inLanguage\":\"pt-BR\",\"potentialAction\":[{\"@type\":\"ReadAction\",\"target\":[\"https:\/\/11ponto11servidor.com.br\/seguro\/sobre\/\"]}]},{\"@type\":\"BreadcrumbList\",\"@id\":\"https:\/\/11ponto11servidor.com.br\/seguro\/sobre\/#breadcrumb\",\"itemListElement\":[{\"@type\":\"ListItem\",\"position\":1,\"name\":\"In\u00edcio\",\"item\":\"https:\/\/11ponto11servidor.com.br\/seguro\/\"},{\"@type\":\"ListItem\",\"position\":2,\"name\":\"Sobre este Blog\"}]},{\"@type\":\"WebSite\",\"@id\":\"https:\/\/11ponto11servidor.com.br\/seguro\/#website\",\"url\":\"https:\/\/11ponto11servidor.com.br\/seguro\/\",\"name\":\"SeuSEGURONoClick\",\"description\":\"SIAPE Servidor Federal\",\"potentialAction\":[{\"@type\":\"SearchAction\",\"target\":{\"@type\":\"EntryPoint\",\"urlTemplate\":\"https:\/\/11ponto11servidor.com.br\/seguro\/?s={search_term_string}\"},\"query-input\":{\"@type\":\"PropertyValueSpecification\",\"valueRequired\":true,\"valueName\":\"search_term_string\"}}],\"inLanguage\":\"pt-BR\"}]}<\/script>\n<!-- \/ Yoast SEO Premium plugin. -->","yoast_head_json":{"title":"Sobre este Blog &#8226; Blog Seguros","robots":{"index":"noindex","follow":"nofollow"},"og_locale":"pt_BR","og_type":"article","og_title":"Sobre este Blog &#8226; Blog Seguros","og_url":"https:\/\/11ponto11servidor.com.br\/seguro\/sobre\/","og_site_name":"Blog Seguros","article_publisher":"https:\/\/facebook.com\/seuseguronoclick","article_modified_time":"2020-03-09T16:20:48+00:00","twitter_card":"summary_large_image","schema":{"@context":"https:\/\/schema.org","@graph":[{"@type":"WebPage","@id":"https:\/\/11ponto11servidor.com.br\/seguro\/sobre\/","url":"https:\/\/11ponto11servidor.com.br\/seguro\/sobre\/","name":"Sobre este Blog &#8226; Blog Seguros","isPartOf":{"@id":"https:\/\/11ponto11servidor.com.br\/seguro\/#website"},"datePublished":"2017-07-13T20:06:33+00:00","dateModified":"2020-03-09T16:20:48+00:00","breadcrumb":{"@id":"https:\/\/11ponto11servidor.com.br\/seguro\/sobre\/#breadcrumb"},"inLanguage":"pt-BR","potentialAction":[{"@type":"ReadAction","target":["https:\/\/11ponto11servidor.com.br\/seguro\/sobre\/"]}]},{"@type":"BreadcrumbList","@id":"https:\/\/11ponto11servidor.com.br\/seguro\/sobre\/#breadcrumb","itemListElement":[{"@type":"ListItem","position":1,"name":"In\u00edcio","item":"https:\/\/11ponto11servidor.com.br\/seguro\/"},{"@type":"ListItem","position":2,"name":"Sobre este Blog"}]},{"@type":"WebSite","@id":"https:\/\/11ponto11servidor.com.br\/seguro\/#website","url":"https:\/\/11ponto11servidor.com.br\/seguro\/","name":"SeuSEGURONoClick","description":"SIAPE Servidor Federal","potentialAction":[{"@type":"SearchAction","target":{"@type":"EntryPoint","urlTemplate":"https:\/\/11ponto11servidor.com.br\/seguro\/?s={search_term_string}"},"query-input":{"@type":"PropertyValueSpecification","valueRequired":true,"valueName":"search_term_string"}}],"inLanguage":"pt-BR"}]}},"_links":{"self":[{"href":"https:\/\/11ponto11servidor.com.br\/seguro\/wp-json\/wp\/v2\/pages\/358"}],"collection":[{"href":"https:\/\/11ponto11servidor.com.br\/seguro\/wp-json\/wp\/v2\/pages"}],"about":[{"href":"https:\/\/11ponto11servidor.com.br\/seguro\/wp-json\/wp\/v2\/types\/page"}],"author":[{"embeddable":true,"href":"https:\/\/11ponto11servidor.com.br\/seguro\/wp-json\/wp\/v2\/users\/1"}],"replies":[{"embeddable":true,"href":"https:\/\/11ponto11servidor.com.br\/seguro\/wp-json\/wp\/v2\/comments?post=358"}],"version-history":[{"count":0,"href":"https:\/\/11ponto11servidor.com.br\/seguro\/wp-json\/wp\/v2\/pages\/358\/revisions"}],"wp:attachment":[{"href":"https:\/\/11ponto11servidor.com.br\/seguro\/wp-json\/wp\/v2\/media?parent=358"}],"curies":[{"name":"wp","href":"https:\/\/api.w.org\/{rel}","templated":true}]}}