{"id":108,"date":"2018-01-23T13:51:11","date_gmt":"2018-01-23T15:51:11","guid":{"rendered":"https:\/\/11ponto11servidor.com.br\/viagem\/?page_id=108"},"modified":"2021-02-25T18:42:28","modified_gmt":"2021-02-25T21:42:28","slug":"fale-com-o-sr-siape","status":"publish","type":"page","link":"https:\/\/11ponto11servidor.com.br\/viagem\/fale-com-o-sr-siape\/","title":{"rendered":"Fale com o sr. SIAPE"},"content":{"rendered":"<section class=\"l-section wpb_row us_custom_da65c38a height_small with_overlay\"><div class=\"l-section-overlay\" style=\"background: #f9f9f9\"><\/div><div class=\"l-section-h i-cf\"><div class=\"g-cols vc_row type_default valign_top\"><div class=\"vc_col-sm-8 wpb_column vc_column_container\"><div class=\"vc_column-inner\"><div class=\"wpb_wrapper\">[vc_custom_heading text=&#8221;<b>FALE COM O SR. SIAPE<\/b>&#8221; use_theme_fonts=&#8221;yes&#8221;]<div class=\"wpb_text_column\" ><div class=\"wpb_wrapper\"><p>Preencha os campos abaixo para receber o feedback:<\/p>\n<\/div><\/div>\n<div class=\"wpcf7 no-js\" id=\"wpcf7-f8887-o1\" lang=\"pt-BR\" dir=\"ltr\">\n<div class=\"screen-reader-response\"><p role=\"status\" aria-live=\"polite\" aria-atomic=\"true\"><\/p> <ul><\/ul><\/div>\n<form action=\"\/viagem\/wp-json\/wp\/v2\/pages\/108#wpcf7-f8887-o1\" method=\"post\" class=\"wpcf7-form init\" aria-label=\"Formul\u00e1rios de contato\" novalidate=\"novalidate\" data-status=\"init\">\n<div style=\"display: none;\">\n<input type=\"hidden\" name=\"_wpcf7\" value=\"8887\" \/>\n<input type=\"hidden\" name=\"_wpcf7_version\" value=\"5.8\" \/>\n<input type=\"hidden\" name=\"_wpcf7_locale\" value=\"pt_BR\" \/>\n<input type=\"hidden\" name=\"_wpcf7_unit_tag\" value=\"wpcf7-f8887-o1\" \/>\n<input type=\"hidden\" name=\"_wpcf7_container_post\" value=\"0\" \/>\n<input type=\"hidden\" name=\"_wpcf7_posted_data_hash\" value=\"\" \/>\n<\/div>\n<p><span class=\"wpcf7-form-control-wrap\" data-name=\"nome\"><input size=\"40\" class=\"wpcf7-form-control wpcf7-text wpcf7-validates-as-required\" id=\"nome\" aria-required=\"true\" aria-invalid=\"false\" placeholder=\"Digite sua matr\u00edcula SIAPE\" value=\"\" type=\"text\" name=\"nome\" \/><\/span><br \/>\n<span class=\"wpcf7-form-control-wrap\" data-name=\"email\"><input size=\"40\" class=\"wpcf7-form-control wpcf7-email wpcf7-validates-as-required wpcf7-text wpcf7-validates-as-email\" id=\"email\" aria-required=\"true\" aria-invalid=\"false\" placeholder=\"Digite seu email...\" value=\"\" type=\"email\" name=\"email\" \/><\/span><br \/>\n<span class=\"wpcf7-form-control-wrap\" data-name=\"assunto\"><select class=\"wpcf7-form-control wpcf7-select wpcf7-validates-as-required\" id=\"assunto\" aria-required=\"true\" aria-invalid=\"false\" name=\"assunto\"><option value=\"\">&#8212;Escolha uma op\u00e7\u00e3o&#8212;<\/option><option value=\"Mensagem\">Mensagem<\/option><option value=\"D\u00favida\">D\u00favida<\/option><option value=\"Sugest\u00e3o\">Sugest\u00e3o<\/option><option value=\"Cr\u00edtica\">Cr\u00edtica<\/option><option value=\"Parceria\">Parceria<\/option><\/select><\/span><br \/>\n<span class=\"wpcf7-form-control-wrap\" data-name=\"telefone\"><input size=\"40\" class=\"wpcf7-form-control wpcf7-tel wpcf7-validates-as-required wpcf7-text wpcf7-validates-as-tel\" id=\"telefone\" aria-required=\"true\" aria-invalid=\"false\" placeholder=\"Telefone: xx XXXXX-XXXX\" value=\"\" type=\"tel\" name=\"telefone\" \/><\/span><br \/>\n<span class=\"wpcf7-form-control-wrap\" data-name=\"mensagem\"><textarea cols=\"40\" rows=\"10\" class=\"wpcf7-form-control wpcf7-textarea wpcf7-validates-as-required\" id=\"mensagem\" aria-required=\"true\" aria-invalid=\"false\" placeholder=\"Digite sua mensagem\" name=\"mensagem\"><\/textarea><\/span><br \/>\n<input class=\"wpcf7-form-control wpcf7-submit has-spinner\" id=\"enviaContato\" type=\"submit\" value=\"Enviar\" \/>\n<\/p><div class=\"wpcf7-response-output\" aria-hidden=\"true\"><\/div>\n<\/form>\n<\/div>\n<\/div><\/div><\/div><div class=\"vc_col-sm-4 wpb_column vc_column_container\"><div class=\"vc_column-inner\"><div class=\"wpb_wrapper\"><div class=\"w-image us_custom_532377d0 align_center\"><a target=\"_blank\" href=\"https:\/\/suaviagemnoclick.com.br\/\" rel=\"noopener\" aria-label=\"Link\" class=\"w-image-h\"><img decoding=\"async\" width=\"241\" height=\"84\" src=\"https:\/\/11ponto11servidor.com.br\/viagem\/wp-content\/uploads\/sites\/5\/2020\/03\/logo_viagem_mobile.png\" class=\"attachment-full size-full\" alt=\"\" srcset=\"https:\/\/11ponto11servidor.com.br\/viagem\/wp-content\/uploads\/sites\/5\/2020\/03\/logo_viagem_mobile.png 241w, https:\/\/11ponto11servidor.com.br\/viagem\/wp-content\/uploads\/sites\/5\/2020\/03\/logo_viagem_mobile-140x50.png 140w\" sizes=\"(max-width: 241px) 100vw, 241px\" \/><\/a><\/div><\/div><\/div><\/div><\/div><\/div><\/section>\n","protected":false},"excerpt":{"rendered":"[vc_custom_heading text=\"FALE COM O SR. SIAPE\" use_theme_fonts=\"yes\"]Preencha os campos abaixo para receber o feedback: &#8212;Escolha uma op\u00e7\u00e3o&#8212;MensagemD\u00favidaSugest\u00e3oCr\u00edticaParceria","protected":false},"author":1,"featured_media":0,"parent":0,"menu_order":0,"comment_status":"closed","ping_status":"closed","template":"","meta":{"footnotes":""},"class_list":["post-108","page","type-page","status-publish","hentry"],"yoast_head":"<!-- This site is optimized with the Yoast SEO Premium plugin v16.3 (Yoast SEO v23.6) - https:\/\/yoast.com\/wordpress\/plugins\/seo\/ -->\n<title>Fale com o Sr. SIAPE - BLOG DO SR SIAPE<\/title>\n<meta name=\"description\" content=\"Servidor Federal SIAPE \/ SIGEPE quer tirar alguma d\u00favida ou enviar uma mensagem pra mim? Clique aqui!\" \/>\n<meta name=\"robots\" content=\"index, follow, max-snippet:-1, max-image-preview:large, max-video-preview:-1\" \/>\n<link rel=\"canonical\" href=\"https:\/\/11ponto11servidor.com.br\/viagem\/fale-com-o-sr-siape\/\" \/>\n<meta property=\"og:locale\" content=\"pt_BR\" \/>\n<meta property=\"og:type\" content=\"article\" \/>\n<meta property=\"og:title\" content=\"Fale com o Sr. SIAPE - BLOG DO SR SIAPE\" \/>\n<meta property=\"og:description\" content=\"Servidor Federal SIAPE \/ SIGEPE quer tirar alguma d\u00favida ou enviar uma mensagem pra mim? Clique aqui!\" \/>\n<meta property=\"og:url\" content=\"https:\/\/11ponto11servidor.com.br\/viagem\/fale-com-o-sr-siape\/\" \/>\n<meta property=\"og:site_name\" content=\"Blog Viagens\" \/>\n<meta property=\"article:publisher\" content=\"https:\/\/business.facebook.com\/suaviagemnoclick\/?business_id=470313793386419\" \/>\n<meta property=\"article:modified_time\" content=\"2021-02-25T21:42:28+00:00\" \/>\n<meta name=\"twitter:card\" content=\"summary_large_image\" \/>\n<meta name=\"twitter:label1\" content=\"Est. tempo de leitura\" \/>\n\t<meta name=\"twitter:data1\" content=\"1 minuto\" \/>\n<script type=\"application\/ld+json\" class=\"yoast-schema-graph\">{\"@context\":\"https:\/\/schema.org\",\"@graph\":[{\"@type\":\"WebPage\",\"@id\":\"https:\/\/11ponto11servidor.com.br\/viagem\/fale-com-o-sr-siape\/\",\"url\":\"https:\/\/11ponto11servidor.com.br\/viagem\/fale-com-o-sr-siape\/\",\"name\":\"Fale com o Sr. SIAPE - BLOG DO SR SIAPE\",\"isPartOf\":{\"@id\":\"https:\/\/11ponto11servidor.com.br\/viagem\/#website\"},\"datePublished\":\"2018-01-23T15:51:11+00:00\",\"dateModified\":\"2021-02-25T21:42:28+00:00\",\"description\":\"Servidor Federal SIAPE \/ SIGEPE quer tirar alguma d\u00favida ou enviar uma mensagem pra mim? Clique aqui!\",\"breadcrumb\":{\"@id\":\"https:\/\/11ponto11servidor.com.br\/viagem\/fale-com-o-sr-siape\/#breadcrumb\"},\"inLanguage\":\"pt-BR\",\"potentialAction\":[{\"@type\":\"ReadAction\",\"target\":[\"https:\/\/11ponto11servidor.com.br\/viagem\/fale-com-o-sr-siape\/\"]}]},{\"@type\":\"BreadcrumbList\",\"@id\":\"https:\/\/11ponto11servidor.com.br\/viagem\/fale-com-o-sr-siape\/#breadcrumb\",\"itemListElement\":[{\"@type\":\"ListItem\",\"position\":1,\"name\":\"In\u00edcio\",\"item\":\"https:\/\/11ponto11servidor.com.br\/viagem\/\"},{\"@type\":\"ListItem\",\"position\":2,\"name\":\"Fale com o sr. SIAPE\"}]},{\"@type\":\"WebSite\",\"@id\":\"https:\/\/11ponto11servidor.com.br\/viagem\/#website\",\"url\":\"https:\/\/11ponto11servidor.com.br\/viagem\/\",\"name\":\"Blog Viagens\",\"description\":\"SIAPE Servidor Federal\",\"potentialAction\":[{\"@type\":\"SearchAction\",\"target\":{\"@type\":\"EntryPoint\",\"urlTemplate\":\"https:\/\/11ponto11servidor.com.br\/viagem\/?s={search_term_string}\"},\"query-input\":{\"@type\":\"PropertyValueSpecification\",\"valueRequired\":true,\"valueName\":\"search_term_string\"}}],\"inLanguage\":\"pt-BR\"}]}<\/script>\n<!-- \/ Yoast SEO Premium plugin. -->","yoast_head_json":{"title":"Fale com o Sr. SIAPE - BLOG DO SR SIAPE","description":"Servidor Federal SIAPE \/ SIGEPE quer tirar alguma d\u00favida ou enviar uma mensagem pra mim? Clique aqui!","robots":{"index":"index","follow":"follow","max-snippet":"max-snippet:-1","max-image-preview":"max-image-preview:large","max-video-preview":"max-video-preview:-1"},"canonical":"https:\/\/11ponto11servidor.com.br\/viagem\/fale-com-o-sr-siape\/","og_locale":"pt_BR","og_type":"article","og_title":"Fale com o Sr. SIAPE - BLOG DO SR SIAPE","og_description":"Servidor Federal SIAPE \/ SIGEPE quer tirar alguma d\u00favida ou enviar uma mensagem pra mim? Clique aqui!","og_url":"https:\/\/11ponto11servidor.com.br\/viagem\/fale-com-o-sr-siape\/","og_site_name":"Blog Viagens","article_publisher":"https:\/\/business.facebook.com\/suaviagemnoclick\/?business_id=470313793386419","article_modified_time":"2021-02-25T21:42:28+00:00","twitter_card":"summary_large_image","twitter_misc":{"Est. tempo de leitura":"1 minuto"},"schema":{"@context":"https:\/\/schema.org","@graph":[{"@type":"WebPage","@id":"https:\/\/11ponto11servidor.com.br\/viagem\/fale-com-o-sr-siape\/","url":"https:\/\/11ponto11servidor.com.br\/viagem\/fale-com-o-sr-siape\/","name":"Fale com o Sr. SIAPE - BLOG DO SR SIAPE","isPartOf":{"@id":"https:\/\/11ponto11servidor.com.br\/viagem\/#website"},"datePublished":"2018-01-23T15:51:11+00:00","dateModified":"2021-02-25T21:42:28+00:00","description":"Servidor Federal SIAPE \/ SIGEPE quer tirar alguma d\u00favida ou enviar uma mensagem pra mim? Clique aqui!","breadcrumb":{"@id":"https:\/\/11ponto11servidor.com.br\/viagem\/fale-com-o-sr-siape\/#breadcrumb"},"inLanguage":"pt-BR","potentialAction":[{"@type":"ReadAction","target":["https:\/\/11ponto11servidor.com.br\/viagem\/fale-com-o-sr-siape\/"]}]},{"@type":"BreadcrumbList","@id":"https:\/\/11ponto11servidor.com.br\/viagem\/fale-com-o-sr-siape\/#breadcrumb","itemListElement":[{"@type":"ListItem","position":1,"name":"In\u00edcio","item":"https:\/\/11ponto11servidor.com.br\/viagem\/"},{"@type":"ListItem","position":2,"name":"Fale com o sr. SIAPE"}]},{"@type":"WebSite","@id":"https:\/\/11ponto11servidor.com.br\/viagem\/#website","url":"https:\/\/11ponto11servidor.com.br\/viagem\/","name":"Blog Viagens","description":"SIAPE Servidor Federal","potentialAction":[{"@type":"SearchAction","target":{"@type":"EntryPoint","urlTemplate":"https:\/\/11ponto11servidor.com.br\/viagem\/?s={search_term_string}"},"query-input":{"@type":"PropertyValueSpecification","valueRequired":true,"valueName":"search_term_string"}}],"inLanguage":"pt-BR"}]}},"_links":{"self":[{"href":"https:\/\/11ponto11servidor.com.br\/viagem\/wp-json\/wp\/v2\/pages\/108"}],"collection":[{"href":"https:\/\/11ponto11servidor.com.br\/viagem\/wp-json\/wp\/v2\/pages"}],"about":[{"href":"https:\/\/11ponto11servidor.com.br\/viagem\/wp-json\/wp\/v2\/types\/page"}],"author":[{"embeddable":true,"href":"https:\/\/11ponto11servidor.com.br\/viagem\/wp-json\/wp\/v2\/users\/1"}],"replies":[{"embeddable":true,"href":"https:\/\/11ponto11servidor.com.br\/viagem\/wp-json\/wp\/v2\/comments?post=108"}],"version-history":[{"count":0,"href":"https:\/\/11ponto11servidor.com.br\/viagem\/wp-json\/wp\/v2\/pages\/108\/revisions"}],"wp:attachment":[{"href":"https:\/\/11ponto11servidor.com.br\/viagem\/wp-json\/wp\/v2\/media?parent=108"}],"curies":[{"name":"wp","href":"https:\/\/api.w.org\/{rel}","templated":true}]}}